{"id":6016,"date":"2017-01-09T17:05:57","date_gmt":"2017-01-09T17:05:57","guid":{"rendered":"http:\/\/sinservregional.com.br\/site\/?page_id=6016"},"modified":"2018-03-02T13:49:46","modified_gmt":"2018-03-02T13:49:46","slug":"orientacoes-para-o-atendimento-psicologico-do-sinserv","status":"publish","type":"page","link":"https:\/\/sinservregional.com.br\/site\/?page_id=6016","title":{"rendered":"Orienta\u00e7\u00f5es para o Atendimento Psicol\u00f3gico do SINSERV"},"content":{"rendered":"<div id=\"m_-8783234336654413946yui_3_16_0_ym19_1_1483964270971_5482\" style=\"text-align: justify;\"><span id=\"m_-8783234336654413946yui_3_16_0_ym19_1_1483964270971_5483\">O SINSERV, em parceria com a COGNE \u2013 Psicologia Cl\u00ednica Especializada, est\u00e1 oferecendo aos seus associados um servi\u00e7o de Atendimento Psicol\u00f3gico. A parceria j\u00e1 funciona h\u00e1 mais de dois anos e conta com a participa\u00e7\u00e3o de tr\u00eas profissionais credenciados, Dr. Jorge Silva Sampaio e Dr. Gilson Santana e Dra. Maria Carolina.<u><\/u><u><\/u><\/span><\/div>\n<div id=\"m_-8783234336654413946yui_3_16_0_ym19_1_1483964270971_5485\" style=\"text-align: justify;\"><span id=\"m_-8783234336654413946yui_3_16_0_ym19_1_1483964270971_5486\">\u00a0<\/span><\/div>\n<div id=\"m_-8783234336654413946yui_3_16_0_ym19_1_1483964270971_5487\" style=\"text-align: justify;\"><span id=\"m_-8783234336654413946yui_3_16_0_ym19_1_1483964270971_5488\"><strong>Veja as orienta\u00e7\u00f5es para ter acesso ao Atendimento Psicol\u00f3gico.<\/strong><b id=\"m_-8783234336654413946yui_3_16_0_ym19_1_1483964270971_5489\"><u><\/u><u><\/u><\/b><\/span><\/div>\n<div id=\"m_-8783234336654413946yui_3_16_0_ym19_1_1483964270971_5491\" style=\"text-align: justify;\"><span id=\"m_-8783234336654413946yui_3_16_0_ym19_1_1483964270971_5492\">\u00a0<\/span><\/div>\n<div id=\"m_-8783234336654413946yui_3_16_0_ym19_1_1483964270971_5493\" style=\"text-align: justify;\"><span id=\"m_-8783234336654413946yui_3_16_0_ym19_1_1483964270971_5494\">1. Ser associado e encontrar-se em dias com as obriga\u00e7\u00f5es estatut\u00e1rias;<u><\/u><u><\/u><\/span><\/div>\n<div id=\"m_-8783234336654413946yui_3_16_0_ym19_1_1483964270971_5496\" style=\"text-align: justify;\"><span id=\"m_-8783234336654413946yui_3_16_0_ym19_1_1483964270971_5497\">\u00a0<\/span><\/div>\n<div id=\"m_-8783234336654413946yui_3_16_0_ym19_1_1483964270971_5498\" style=\"text-align: justify;\"><span id=\"m_-8783234336654413946yui_3_16_0_ym19_1_1483964270971_5499\">2. Prioridade no atendimento:<u><\/u><u><\/u><\/span><\/div>\n<div id=\"m_-8783234336654413946yui_3_16_0_ym19_1_1483964270971_5501\" style=\"text-align: justify;\"><span id=\"m_-8783234336654413946yui_3_16_0_ym19_1_1483964270971_5502\">&#8211; Associado. Em caso de empate entre os associados ter\u00e1 prioridade aquele que receber menor remunera\u00e7\u00e3o.<u><\/u><u><\/u><\/span><\/div>\n<div id=\"m_-8783234336654413946yui_3_16_0_ym19_1_1483964270971_5504\" style=\"text-align: justify;\"><span id=\"m_-8783234336654413946yui_3_16_0_ym19_1_1483964270971_5505\">&#8211; Parentes de primeiro grau. Parentes de segundo grau e assim sucessivamente. Em caso de empate ser\u00e1 benefici\u00e1rio o dependente do associado que receber menor remunera\u00e7\u00e3o.<u><\/u><u><\/u><\/span><\/div>\n<div id=\"m_-8783234336654413946yui_3_16_0_ym19_1_1483964270971_5507\" style=\"text-align: justify;\"><span id=\"m_-8783234336654413946yui_3_16_0_ym19_1_1483964270971_5508\">&#8211; \u00c9 vedada ao associado mais de uma vaga no atendimento, salvo em caso de n\u00e3o existir demandas.<u><\/u><u><\/u><\/span><\/div>\n<div id=\"m_-8783234336654413946yui_3_16_0_ym19_1_1483964270971_5510\" style=\"text-align: justify;\"><span id=\"m_-8783234336654413946yui_3_16_0_ym19_1_1483964270971_5511\">&#8211; Caso o associado requerera atendimento de pessoas que n\u00e3o comp\u00f5em a sua \u00e1rvore geneal\u00f3gica, a solicita\u00e7\u00e3o ser\u00e1 objeto de aprecia\u00e7\u00e3o pela diretoria.<u><\/u><u><\/u><\/span><\/div>\n<div id=\"m_-8783234336654413946yui_3_16_0_ym19_1_1483964270971_5513\" style=\"text-align: justify;\"><span id=\"m_-8783234336654413946yui_3_16_0_ym19_1_1483964270971_5514\">\u00a0<\/span><\/div>\n<div id=\"m_-8783234336654413946yui_3_16_0_ym19_1_1483964270971_5515\" style=\"text-align: justify;\"><span id=\"m_-8783234336654413946yui_3_16_0_ym19_1_1483964270971_5516\">3. Em caso de tr\u00eas faltas (03) consecutivas ou intercaladas, sem justificativa, o benefici\u00e1rio (paciente) perder\u00e1 a vaga, cabendo ao associado informar o ocorrido ao seu dependente;<u><\/u><u><\/u><\/span><\/div>\n<div id=\"m_-8783234336654413946yui_3_16_0_ym19_1_1483964270971_5518\" style=\"text-align: justify;\"><span id=\"m_-8783234336654413946yui_3_16_0_ym19_1_1483964270971_5519\">\u00a0<\/span><\/div>\n<div id=\"m_-8783234336654413946yui_3_16_0_ym19_1_1483964270971_5520\" style=\"text-align: justify;\"><span id=\"m_-8783234336654413946yui_3_16_0_ym19_1_1483964270971_5521\">4. Em se tratando de paciente menor, paciente relativamente ou absolutamente capaz, caber\u00e1 ao respons\u00e1vel assinar a ficha de atendimento que ser\u00e1 oferecida pelo profissional conveniado, ap\u00f3s cada sess\u00e3o;<u><\/u><u><\/u><\/span><\/div>\n<div id=\"m_-8783234336654413946yui_3_16_0_ym19_1_1483964270971_5523\" style=\"text-align: justify;\"><span id=\"m_-8783234336654413946yui_3_16_0_ym19_1_1483964270971_5524\">\u00a0<\/span><\/div>\n<div id=\"m_-8783234336654413946yui_3_16_0_ym19_1_1483964270971_5525\" style=\"text-align: justify;\"><span id=\"m_-8783234336654413946yui_3_16_0_ym19_1_1483964270971_5526\">5. Ao preencher a ficha de anamnese o associado ou seu respons\u00e1vel dever\u00e1 informar a necessidade de atendimento domiciliar;<u><\/u><u><\/u><\/span><\/div>\n<div id=\"m_-8783234336654413946yui_3_16_0_ym19_1_1483964270971_5528\" style=\"text-align: justify;\"><span id=\"m_-8783234336654413946yui_3_16_0_ym19_1_1483964270971_5529\">\u00a0<\/span><\/div>\n<div id=\"m_-8783234336654413946yui_3_16_0_ym19_1_1483964270971_5530\" style=\"text-align: justify;\"><span id=\"m_-8783234336654413946yui_3_16_0_ym19_1_1483964270971_5531\">6. \u00c9 livre ao associado e\/ou seu paciente a escolha da cl\u00ednica ou do profissional dispon\u00edvel, desde que exista mais de um profissional conveniado com o sindicato;<u><\/u><u><\/u><\/span><\/div>\n<div id=\"m_-8783234336654413946yui_3_16_0_ym19_1_1483964270971_5533\" style=\"text-align: justify;\"><span id=\"m_-8783234336654413946yui_3_16_0_ym19_1_1483964270971_5534\">\u00a0<\/span><\/div>\n<div id=\"m_-8783234336654413946yui_3_16_0_ym19_1_1483964270971_5535\" style=\"text-align: justify;\"><span id=\"m_-8783234336654413946yui_3_16_0_ym19_1_1483964270971_5536\">7. Caso o associado venha se desfilar ou queixar-se do pagamento das taxas associativas, o seu atendimento, ou do seu dependente, ser\u00e1 imediatamente suspenso, visto n\u00e3o usufruir mais dos servi\u00e7os da entidade, conforme previsto no estatuto do SINSERV;<u><\/u><u><\/u><\/span><\/div>\n<div id=\"m_-8783234336654413946yui_3_16_0_ym19_1_1483964270971_5538\" style=\"text-align: justify;\"><span id=\"m_-8783234336654413946yui_3_16_0_ym19_1_1483964270971_5539\">\u00a0<\/span><\/div>\n<div id=\"m_-8783234336654413946yui_3_16_0_ym19_1_1483964270971_5540\" style=\"text-align: justify;\"><span id=\"m_-8783234336654413946yui_3_16_0_ym19_1_1483964270971_5541\">8. Em caso da necessidade de remarca\u00e7\u00e3o das consultas, esse procedimento deve ser realizado com anteced\u00eancia m\u00ednima de 48 horas;<u><\/u><u><\/u><\/span><\/div>\n<div id=\"m_-8783234336654413946yui_3_16_0_ym19_1_1483964270971_5543\" style=\"text-align: justify;\"><span id=\"m_-8783234336654413946yui_3_16_0_ym19_1_1483964270971_5544\">\u00a0<\/span><\/div>\n<div id=\"m_-8783234336654413946yui_3_16_0_ym19_1_1483964270971_5224\" dir=\"ltr\" style=\"text-align: justify;\"><i id=\"m_-8783234336654413946yui_3_16_0_ym19_1_1483964270971_5546\"><span id=\"m_-8783234336654413946yui_3_16_0_ym19_1_1483964270971_5547\">Obs.: Para ter acesso ao Atendimento Psicol\u00f3gico o associado deve se informar sobre o servi\u00e7o na sede do sindicato, segunda a sexta-feira no hor\u00e1rio comercial.<\/span><\/i><\/div>\n","protected":false},"excerpt":{"rendered":"<p>O SINSERV, em parceria com a COGNE \u2013 Psicologia Cl\u00ednica Especializada, est\u00e1 oferecendo aos seus associados um servi\u00e7o de Atendimento Psicol\u00f3gico. A parceria j\u00e1 funciona h\u00e1 mais de dois anos e conta com a participa\u00e7\u00e3o de tr\u00eas profissionais credenciados, Dr. Jorge Silva Sampaio e Dr. Gilson Santana e Dra. Maria Carolina. \u00a0 Veja as orienta\u00e7\u00f5es &hellip; <\/p>\n","protected":false},"author":1,"featured_media":0,"parent":0,"menu_order":0,"comment_status":"closed","ping_status":"closed","template":"","meta":{"footnotes":""},"class_list":["post-6016","page","type-page","status-publish","hentry"],"_links":{"self":[{"href":"https:\/\/sinservregional.com.br\/site\/index.php?rest_route=\/wp\/v2\/pages\/6016","targetHints":{"allow":["GET"]}}],"collection":[{"href":"https:\/\/sinservregional.com.br\/site\/index.php?rest_route=\/wp\/v2\/pages"}],"about":[{"href":"https:\/\/sinservregional.com.br\/site\/index.php?rest_route=\/wp\/v2\/types\/page"}],"author":[{"embeddable":true,"href":"https:\/\/sinservregional.com.br\/site\/index.php?rest_route=\/wp\/v2\/users\/1"}],"replies":[{"embeddable":true,"href":"https:\/\/sinservregional.com.br\/site\/index.php?rest_route=%2Fwp%2Fv2%2Fcomments&post=6016"}],"version-history":[{"count":6,"href":"https:\/\/sinservregional.com.br\/site\/index.php?rest_route=\/wp\/v2\/pages\/6016\/revisions"}],"predecessor-version":[{"id":7756,"href":"https:\/\/sinservregional.com.br\/site\/index.php?rest_route=\/wp\/v2\/pages\/6016\/revisions\/7756"}],"wp:attachment":[{"href":"https:\/\/sinservregional.com.br\/site\/index.php?rest_route=%2Fwp%2Fv2%2Fmedia&parent=6016"}],"curies":[{"name":"wp","href":"https:\/\/api.w.org\/{rel}","templated":true}]}}