{"id":3976,"date":"2015-03-12T11:43:04","date_gmt":"2015-03-12T11:43:04","guid":{"rendered":"http:\/\/sinservregional.com.br\/site\/?page_id=3976"},"modified":"2018-03-15T11:45:58","modified_gmt":"2018-03-15T11:45:58","slug":"delegacias-regionais","status":"publish","type":"page","link":"https:\/\/sinservregional.com.br\/site\/?page_id=3976","title":{"rendered":"Delegacias Regionais"},"content":{"rendered":"<h4><span style=\"color: #ff0000;\">Delegacia Regional de Barra do Rocha<\/span><\/h4>\n<p><strong>Coordenador-geral: <\/strong>Valdir de Assun\u00e7\u00e3o<\/p>\n<p><strong>Endere\u00e7o:<\/strong><\/p>\n<hr id=\"null\" \/>\n<h4>\u00a0<span style=\"color: #ff0000;\">Delegacia Regional em Lafaiete Coutinho<\/span><\/h4>\n<p><strong>Coordenador-geral: <\/strong>Irisvaldo Gerv\u00e1sio de Brito<\/p>\n<p><strong>Endere\u00e7o:\u00a0<\/strong>Rua Padre Anchieta n\u00ba. 36<\/p>\n<hr id=\"null\" \/>\n<h4><span style=\"color: #ff0000;\">Delegacia Regional em Aiquara<\/span><\/h4>\n<p><strong>Coordenadora-geral: <\/strong>Valdirene Campos Santos<\/p>\n<p><strong>Endere\u00e7o:<\/strong><\/p>\n<hr id=\"null\" \/>\n<h4><span style=\"color: #ff0000;\">Delegacia Regional em Itagi<\/span><\/h4>\n<p><strong>Coordenadora-geral: <\/strong>Maria Dalva Souto Barros<\/p>\n<p><strong>Endere\u00e7o:\u00a0<\/strong>Rua. Cel Jo\u00e3o Borges, n.\u00ba 10, centro<\/p>\n<hr id=\"null\" \/>\n<h4><\/h4>\n<h4><span style=\"color: #ff0000;\">Delegacia Regional em Itiru\u00e7u<\/span><\/h4>\n<p><strong>Coordenadora-geral: <\/strong>Solange Reis Matos<\/p>\n<p><strong>Endere\u00e7o:\u00a0<\/strong>Rua Ernesto Souza, s\/n.\u00ba, Centro<\/p>\n<hr id=\"null\" \/>\n<h4><span style=\"color: #ff0000;\">Delegacia Regional em Manoel Vitorino<\/span><\/h4>\n<p><strong>Coordenador-geral: <\/strong>Irlan Pinheiro Ferreira<\/p>\n<p><strong>Endere\u00e7o:\u00a0<\/strong>Av. Gabriel Dantas Novaes, s\/n.\u00ba (em frente ao Correios)<\/p>\n","protected":false},"excerpt":{"rendered":"<p>Delegacia Regional de Barra do Rocha Coordenador-geral: Valdir de Assun\u00e7\u00e3o Endere\u00e7o: \u00a0Delegacia Regional em Lafaiete Coutinho Coordenador-geral: Irisvaldo Gerv\u00e1sio de Brito Endere\u00e7o:\u00a0Rua Padre Anchieta n\u00ba. 36 Delegacia Regional em Aiquara Coordenadora-geral: Valdirene Campos Santos Endere\u00e7o: Delegacia Regional em Itagi Coordenadora-geral: Maria Dalva Souto Barros Endere\u00e7o:\u00a0Rua. Cel Jo\u00e3o Borges, n.\u00ba 10, centro Delegacia Regional em Itiru\u00e7u &hellip; <\/p>\n","protected":false},"author":1,"featured_media":0,"parent":0,"menu_order":0,"comment_status":"open","ping_status":"open","template":"","meta":{"footnotes":""},"class_list":["post-3976","page","type-page","status-publish","hentry"],"_links":{"self":[{"href":"https:\/\/sinservregional.com.br\/site\/index.php?rest_route=\/wp\/v2\/pages\/3976","targetHints":{"allow":["GET"]}}],"collection":[{"href":"https:\/\/sinservregional.com.br\/site\/index.php?rest_route=\/wp\/v2\/pages"}],"about":[{"href":"https:\/\/sinservregional.com.br\/site\/index.php?rest_route=\/wp\/v2\/types\/page"}],"author":[{"embeddable":true,"href":"https:\/\/sinservregional.com.br\/site\/index.php?rest_route=\/wp\/v2\/users\/1"}],"replies":[{"embeddable":true,"href":"https:\/\/sinservregional.com.br\/site\/index.php?rest_route=%2Fwp%2Fv2%2Fcomments&post=3976"}],"version-history":[{"count":5,"href":"https:\/\/sinservregional.com.br\/site\/index.php?rest_route=\/wp\/v2\/pages\/3976\/revisions"}],"predecessor-version":[{"id":7810,"href":"https:\/\/sinservregional.com.br\/site\/index.php?rest_route=\/wp\/v2\/pages\/3976\/revisions\/7810"}],"wp:attachment":[{"href":"https:\/\/sinservregional.com.br\/site\/index.php?rest_route=%2Fwp%2Fv2%2Fmedia&parent=3976"}],"curies":[{"name":"wp","href":"https:\/\/api.w.org\/{rel}","templated":true}]}}

<h4><span style="color: #ff0000;">Delegacia Regional de Barra do Rocha</span></h4>
<p><strong>Coordenador-geral: </strong>Valdir de Assunção</p>
<p><strong>Endereço:</strong></p>
<hr id="null" />
<h4> <span style="color: #ff0000;">Delegacia Regional em Lafaiete Coutinho</span></h4>
<p><strong>Coordenador-geral: </strong>Irisvaldo Gervásio de Brito</p>
<p><strong>Endereço: </strong>Rua Padre Anchieta nº. 36</p>
<hr id="null" />
<h4><span style="color: #ff0000;">Delegacia Regional em Aiquara</span></h4>
<p><strong>Coordenadora-geral: </strong>Valdirene Campos Santos</p>
<p><strong>Endereço:</strong></p>
<hr id="null" />
<h4><span style="color: #ff0000;">Delegacia Regional em Itagi</span></h4>
<p><strong>Coordenadora-geral: </strong>Maria Dalva Souto Barros</p>
<p><strong>Endereço: </strong>Rua. Cel João Borges, n.º 10, centro</p>
<hr id="null" />
<h4></h4>
<h4><span style="color: #ff0000;">Delegacia Regional em Itiruçu</span></h4>
<p><strong>Coordenadora-geral: </strong>Solange Reis Matos</p>
<p><strong>Endereço: </strong>Rua Ernesto Souza, s/n.º, Centro</p>
<hr id="null" />
<h4><span style="color: #ff0000;">Delegacia Regional em Manoel Vitorino</span></h4>
<p><strong>Coordenador-geral: </strong>Irlan Pinheiro Ferreira</p>
<p><strong>Endereço: </strong>Av. Gabriel Dantas Novaes, s/n.º (em frente ao Correios)</p>

<p>Delegacia Regional de Barra do Rocha Coordenador-geral: Valdir de Assunção Endereço:  Delegacia Regional em Lafaiete Coutinho Coordenador-geral: Irisvaldo Gervásio de Brito Endereço: Rua Padre Anchieta nº. 36 Delegacia Regional em Aiquara Coordenadora-geral: Valdirene Campos Santos Endereço: Delegacia Regional em Itagi Coordenadora-geral: Maria Dalva Souto Barros Endereço: Rua. Cel João Borges, n.º 10, centro Delegacia Regional em Itiruçu &hellip; </p>
